{"id":34948,"date":"2025-09-03T08:28:08","date_gmt":"2025-09-03T14:28:08","guid":{"rendered":"https:\/\/twkumc.org\/event\/john-wesley-umc-annual-mens-day-celebration\/"},"modified":"2025-09-03T08:28:08","modified_gmt":"2025-09-03T14:28:08","slug":"john-wesley-umc-annual-mens-day-celebration","status":"publish","type":"tribe_events","link":"https:\/\/twkumc.org\/es\/event\/john-wesley-umc-annual-mens-day-celebration\/","title":{"rendered":"Celebraci\u00f3n anual del D\u00eda del Hombre de la John Wesley UMC"},"content":{"rendered":"<p>El reci\u00e9n nombrado presidente de TSU, el Sr. Dwayne Tucker, pronunciar\u00e1 el mensaje durante la celebraci\u00f3n anual del D\u00eda del Hombre de John Wesley, el domingo 24 de agosto de 2025, a las 11:00 am. Esta experiencia de adoraci\u00f3n en persona tambi\u00e9n ser\u00e1 transmitida en vivo a trav\u00e9s de Facebook y YouTube. El pastor de John Wesley, Rev. Daniel M. Hayes, Sr. y el presidente del D\u00eda del Hombre, Walter Campbell, junto con la multitud de ex alumnos de TSU, invitan a todos a unirse a esta ocasi\u00f3n hist\u00f3rica. Vistan su azul y blanco de TSU y muestren su apoyo a este din\u00e1mico nuevo presidente. John Wesley es el lugar adecuado, es el momento adecuado, y recibir\u00e1 su bendici\u00f3n. El tema es: \"\u00a1Los hombres conectados traen poder!\". \u00a1El Coro de Hombres, bajo la direcci\u00f3n de Millard Hayes, III, dirigir\u00e1 con m\u00fasica inspiradora en alabanza! \u00a1Esto promete ser una experiencia de adoraci\u00f3n que no querr\u00e1 perderse!<\/p>","protected":false},"excerpt":{"rendered":"<p>Newly appointed TSU President, Mr. Dwayne Tucker, will deliver the message during John Wesley&#8217;s Annual Men&#8217;s Day celebration, Sunday, August 24, 2025, at 11:00 am. This in-person worship experience will [&hellip;]<\/p>\n","protected":false},"author":6,"featured_media":0,"template":"","meta":{"_acf_changed":false,"_tribe_events_status":"","_tribe_events_status_reason":"","_tribe_events_is_hybrid":"","_tribe_events_is_virtual":"","_tribe_events_virtual_video_source":"","_tribe_events_virtual_embed_video":"","_tribe_events_virtual_linked_button_text":"","_tribe_events_virtual_linked_button":"","_tribe_events_virtual_show_embed_at":"","_tribe_events_virtual_show_embed_to":[],"_tribe_events_virtual_show_on_event":"","_tribe_events_virtual_show_on_views":"","_tribe_events_virtual_url":"","footnotes":""},"tags":[],"tribe_events_cat":[],"class_list":["post-34948","tribe_events","type-tribe_events","status-publish","hentry"],"acf":[],"yoast_head":"<!-- This site is optimized with the Yoast SEO plugin v27.1.1 - https:\/\/yoast.com\/product\/yoast-seo-wordpress\/ -->\n<title>John Wesley UMC Annual Men&#039;s Day Celebration - TWKUMC<\/title>\n<meta name=\"robots\" content=\"index, follow, max-snippet:-1, max-image-preview:large, max-video-preview:-1\" \/>\n<link rel=\"canonical\" href=\"https:\/\/twkumc.org\/es\/event\/john-wesley-umc-annual-mens-day-celebration\/\" \/>\n<meta property=\"og:locale\" content=\"es_MX\" \/>\n<meta property=\"og:type\" content=\"article\" \/>\n<meta property=\"og:title\" content=\"John Wesley UMC Annual Men&#039;s Day Celebration - TWKUMC\" \/>\n<meta property=\"og:description\" content=\"Newly appointed TSU President, Mr. Dwayne Tucker, will deliver the message during John Wesley&#8217;s Annual Men&#8217;s Day celebration, Sunday, August 24, 2025, at 11:00 am. This in-person worship experience will [&hellip;]\" \/>\n<meta property=\"og:url\" content=\"https:\/\/twkumc.org\/es\/event\/john-wesley-umc-annual-mens-day-celebration\/\" \/>\n<meta property=\"og:site_name\" content=\"TWKUMC\" \/>\n<meta name=\"twitter:card\" content=\"summary_large_image\" \/>\n<meta name=\"twitter:label1\" content=\"Tiempo de lectura\" \/>\n\t<meta name=\"twitter:data1\" content=\"1 minuto\" \/>\n<script type=\"application\/ld+json\" class=\"yoast-schema-graph\">{\"@context\":\"https:\/\/schema.org\",\"@graph\":[{\"@type\":\"WebPage\",\"@id\":\"https:\/\/twkumc.org\/event\/john-wesley-umc-annual-mens-day-celebration\/\",\"url\":\"https:\/\/twkumc.org\/event\/john-wesley-umc-annual-mens-day-celebration\/\",\"name\":\"John Wesley UMC Annual Men's Day Celebration - TWKUMC\",\"isPartOf\":{\"@id\":\"https:\/\/twkumc.org\/#website\"},\"datePublished\":\"2025-09-03T14:28:08+00:00\",\"breadcrumb\":{\"@id\":\"https:\/\/twkumc.org\/event\/john-wesley-umc-annual-mens-day-celebration\/#breadcrumb\"},\"inLanguage\":\"es\",\"potentialAction\":[{\"@type\":\"ReadAction\",\"target\":[\"https:\/\/twkumc.org\/event\/john-wesley-umc-annual-mens-day-celebration\/\"]}]},{\"@type\":\"BreadcrumbList\",\"@id\":\"https:\/\/twkumc.org\/event\/john-wesley-umc-annual-mens-day-celebration\/#breadcrumb\",\"itemListElement\":[{\"@type\":\"ListItem\",\"position\":1,\"name\":\"Home\",\"item\":\"https:\/\/twkumc.org\/\"},{\"@type\":\"ListItem\",\"position\":2,\"name\":\"Events\",\"item\":\"https:\/\/twkumc.org\/calendar\/\"},{\"@type\":\"ListItem\",\"position\":3,\"name\":\"John Wesley UMC Annual Men&#8217;s Day Celebration\"}]},{\"@type\":\"WebSite\",\"@id\":\"https:\/\/twkumc.org\/#website\",\"url\":\"https:\/\/twkumc.org\/\",\"name\":\"TWKUMC\",\"description\":\"\",\"publisher\":{\"@id\":\"https:\/\/twkumc.org\/#organization\"},\"potentialAction\":[{\"@type\":\"SearchAction\",\"target\":{\"@type\":\"EntryPoint\",\"urlTemplate\":\"https:\/\/twkumc.org\/?s={search_term_string}\"},\"query-input\":{\"@type\":\"PropertyValueSpecification\",\"valueRequired\":true,\"valueName\":\"search_term_string\"}}],\"inLanguage\":\"es\"},{\"@type\":\"Organization\",\"@id\":\"https:\/\/twkumc.org\/#organization\",\"name\":\"TWKUMC\",\"url\":\"https:\/\/twkumc.org\/\",\"logo\":{\"@type\":\"ImageObject\",\"inLanguage\":\"es\",\"@id\":\"https:\/\/twkumc.org\/#\/schema\/logo\/image\/\",\"url\":\"https:\/\/twkumc.org\/wp-content\/uploads\/2025\/02\/TWK-Full_ColorBlack.webp\",\"contentUrl\":\"https:\/\/twkumc.org\/wp-content\/uploads\/2025\/02\/TWK-Full_ColorBlack.webp\",\"width\":2340,\"height\":478,\"caption\":\"TWKUMC\"},\"image\":{\"@id\":\"https:\/\/twkumc.org\/#\/schema\/logo\/image\/\"}}]}<\/script>\n<!-- \/ Yoast SEO plugin. -->","yoast_head_json":{"title":"Celebraci\u00f3n anual del D\u00eda del Hombre de la Iglesia Metodista Unida John Wesley - TWKUMC","robots":{"index":"index","follow":"follow","max-snippet":"max-snippet:-1","max-image-preview":"max-image-preview:large","max-video-preview":"max-video-preview:-1"},"canonical":"https:\/\/twkumc.org\/es\/event\/john-wesley-umc-annual-mens-day-celebration\/","og_locale":"es_MX","og_type":"article","og_title":"John Wesley UMC Annual Men's Day Celebration - TWKUMC","og_description":"Newly appointed TSU President, Mr. Dwayne Tucker, will deliver the message during John Wesley&#8217;s Annual Men&#8217;s Day celebration, Sunday, August 24, 2025, at 11:00 am. This in-person worship experience will [&hellip;]","og_url":"https:\/\/twkumc.org\/es\/event\/john-wesley-umc-annual-mens-day-celebration\/","og_site_name":"TWKUMC","twitter_card":"summary_large_image","twitter_misc":{"Tiempo de lectura":"1 minuto"},"schema":{"@context":"https:\/\/schema.org","@graph":[{"@type":"WebPage","@id":"https:\/\/twkumc.org\/event\/john-wesley-umc-annual-mens-day-celebration\/","url":"https:\/\/twkumc.org\/event\/john-wesley-umc-annual-mens-day-celebration\/","name":"Celebraci\u00f3n anual del D\u00eda del Hombre de la Iglesia Metodista Unida John Wesley - TWKUMC","isPartOf":{"@id":"https:\/\/twkumc.org\/#website"},"datePublished":"2025-09-03T14:28:08+00:00","breadcrumb":{"@id":"https:\/\/twkumc.org\/event\/john-wesley-umc-annual-mens-day-celebration\/#breadcrumb"},"inLanguage":"es","potentialAction":[{"@type":"ReadAction","target":["https:\/\/twkumc.org\/event\/john-wesley-umc-annual-mens-day-celebration\/"]}]},{"@type":"BreadcrumbList","@id":"https:\/\/twkumc.org\/event\/john-wesley-umc-annual-mens-day-celebration\/#breadcrumb","itemListElement":[{"@type":"ListItem","position":1,"name":"Home","item":"https:\/\/twkumc.org\/"},{"@type":"ListItem","position":2,"name":"Events","item":"https:\/\/twkumc.org\/calendar\/"},{"@type":"ListItem","position":3,"name":"John Wesley UMC Annual Men&#8217;s Day Celebration"}]},{"@type":"WebSite","@id":"https:\/\/twkumc.org\/#website","url":"https:\/\/twkumc.org\/","name":"TWKUMC","description":"","publisher":{"@id":"https:\/\/twkumc.org\/#organization"},"potentialAction":[{"@type":"SearchAction","target":{"@type":"EntryPoint","urlTemplate":"https:\/\/twkumc.org\/?s={search_term_string}"},"query-input":{"@type":"PropertyValueSpecification","valueRequired":true,"valueName":"search_term_string"}}],"inLanguage":"es"},{"@type":"Organization","@id":"https:\/\/twkumc.org\/#organization","name":"TWKUMC","url":"https:\/\/twkumc.org\/","logo":{"@type":"ImageObject","inLanguage":"es","@id":"https:\/\/twkumc.org\/#\/schema\/logo\/image\/","url":"https:\/\/twkumc.org\/wp-content\/uploads\/2025\/02\/TWK-Full_ColorBlack.webp","contentUrl":"https:\/\/twkumc.org\/wp-content\/uploads\/2025\/02\/TWK-Full_ColorBlack.webp","width":2340,"height":478,"caption":"TWKUMC"},"image":{"@id":"https:\/\/twkumc.org\/#\/schema\/logo\/image\/"}}]}},"publishpress_future_workflow_manual_trigger":{"enabledWorkflows":[]},"_links":{"self":[{"href":"https:\/\/twkumc.org\/es\/wp-json\/wp\/v2\/tribe_events\/34948","targetHints":{"allow":["GET"]}}],"collection":[{"href":"https:\/\/twkumc.org\/es\/wp-json\/wp\/v2\/tribe_events"}],"about":[{"href":"https:\/\/twkumc.org\/es\/wp-json\/wp\/v2\/types\/tribe_events"}],"author":[{"embeddable":true,"href":"https:\/\/twkumc.org\/es\/wp-json\/wp\/v2\/users\/6"}],"version-history":[{"count":0,"href":"https:\/\/twkumc.org\/es\/wp-json\/wp\/v2\/tribe_events\/34948\/revisions"}],"wp:attachment":[{"href":"https:\/\/twkumc.org\/es\/wp-json\/wp\/v2\/media?parent=34948"}],"wp:term":[{"taxonomy":"post_tag","embeddable":true,"href":"https:\/\/twkumc.org\/es\/wp-json\/wp\/v2\/tags?post=34948"},{"taxonomy":"tribe_events_cat","embeddable":true,"href":"https:\/\/twkumc.org\/es\/wp-json\/wp\/v2\/tribe_events_cat?post=34948"}],"curies":[{"name":"wp","href":"https:\/\/api.w.org\/{rel}","templated":true}]}}

Celebración anual del Día del Hombre de la John Wesley UMC

<p>El recién nombrado presidente de TSU, el Sr. Dwayne Tucker, pronunciará el mensaje durante la celebración anual del Día del Hombre de John Wesley, el domingo 24 de agosto de 2025, a las 11:00 am. Esta experiencia de adoración en persona también será transmitida en vivo a través de Facebook y YouTube. El pastor de John Wesley, Rev. Daniel M. Hayes, Sr. y el presidente del Día del Hombre, Walter Campbell, junto con la multitud de ex alumnos de TSU, invitan a todos a unirse a esta ocasión histórica. Vistan su azul y blanco de TSU y muestren su apoyo a este dinámico nuevo presidente. John Wesley es el lugar adecuado, es el momento adecuado, y recibirá su bendición. El tema es: "¡Los hombres conectados traen poder!". ¡El Coro de Hombres, bajo la dirección de Millard Hayes, III, dirigirá con música inspiradora en alabanza! ¡Esto promete ser una experiencia de adoración que no querrá perderse!</p>

Celebración anual del Día del Hombre de la Iglesia Metodista Unida John Wesley - TWKUMC
