{"id":43223,"date":"2026-04-07T13:05:23","date_gmt":"2026-04-07T19:05:23","guid":{"rendered":"https:\/\/twkumc.org\/?post_type=tribe_events&#038;p=43223"},"modified":"2026-04-07T13:07:27","modified_gmt":"2026-04-07T19:07:27","slug":"scarritt-bennett-centennial-marker-installation","status":"publish","type":"tribe_events","link":"https:\/\/twkumc.org\/es\/event\/scarritt-bennett-centennial-marker-installation\/","title":{"rendered":"Instalaci\u00f3n del monumento conmemorativo del centenario de Scarritt Bennett"},"content":{"rendered":"<p>Nashville, Tennessee: Los directivos, la junta directiva y la comunidad del Scarritt Bennett Center (SBC) se reunir\u00e1n el 10 de abril a las 11:00 a. m. en el lado de la 18th Ave S. del campus para inaugurar el nuevo marcador hist\u00f3rico del centro de conferencias y retiros, otorgado por la Comisi\u00f3n Hist\u00f3rica del \u00c1rea Metropolitana de Nashville y el Condado de Davidson.<\/p>\n<p>El monumento conmemorativo del centenario repasa los cien a\u00f1os transcurridos desde que el Scarritt College se traslad\u00f3 de Kansas City (Misuri) a Nashville (Tennessee) en 1924, y destaca la trayectoria hist\u00f3rica desde sus or\u00edgenes acad\u00e9micos hasta la labor del Scarritt Bennett Center, fundado en 1988 por las Mujeres Metodistas Unidas, ahora denominadas Mujeres Unidas en la Fe.<\/p>\n<p>Hoy en d\u00eda, Scarritt Bennett Centers contin\u00faa con un rico legado al promover la educaci\u00f3n, el servicio y la defensa de causas para profundizar en la justicia racial, el empoderamiento de las mujeres, la formaci\u00f3n espiritual y la educaci\u00f3n transformadora junto a personas que sienten el llamado de formar parte de la sanaci\u00f3n de la sociedad mientras avanzamos hacia el Reino Amado. La placa de la Comisi\u00f3n Hist\u00f3rica del \u00c1rea Metropolitana de Nashville y el Condado de Davidson dice lo siguiente:<\/p>\n<p>CELEBRACI\u00d3N DEL CENTENARIO DE SCARRITT EN NASHVILLE 1924-2024<\/p>\n<p>En 1892, impulsada por la visi\u00f3n de Belle Harris Bennett, presidenta de la Sociedad Misionera de Mujeres de la Iglesia Metodista Episcopal del Sur, se inaugur\u00f3 en Kansas City, Misuri, la Escuela B\u00edblica y de Formaci\u00f3n Scarritt, con el objetivo de formar a mujeres para el ministerio. La escuela se traslad\u00f3 a Nashville en oto\u00f1o de 1924 con el nombre de Scarritt College for Christian Workers y ampli\u00f3 su oferta acad\u00e9mica para impartir t\u00edtulos de licenciatura y maestr\u00eda mixtos. La universidad cerr\u00f3 en 1988 y se convirti\u00f3 en el Centro Scarritt Bennett.<\/p>\n<p>En honor a su centenario en 2024, Scarritt Bennett organiz\u00f3 la Conferencia sobre Liderazgo Global Transformador junto con la Universidad de \u00c1frica, el American Baptist College y el Instituto Kelly Miller Smith de Estudios sobre la Iglesia Negra de la Facultad de Teolog\u00eda de Vanderbilt. El Centro tambi\u00e9n lanz\u00f3 la serie Belle Harris Bennett Speaks, en la que particip\u00f3 la reverenda Dra. Bernice King, hija del reverendo Dr. Martin Luther King, Jr. Ella se uni\u00f3 a la serie 67 a\u00f1os despu\u00e9s de que su padre hablara en la Capilla Wightman de Scarritt.<\/p>\n<p>Descubre m\u00e1s sobre la historia del Scarritt Bennett Center y forma parte de este evento inaugural el 10 de abril<\/p>\n<p><img fetchpriority=\"high\" decoding=\"async\" class=\"alignnone size-medium wp-image-43224\" src=\"https:\/\/twkumc.org\/wp-content\/uploads\/2026\/04\/Unveiling-Invite-232x300.png\" alt=\"\" width=\"232\" height=\"300\" srcset=\"https:\/\/twkumc.org\/wp-content\/uploads\/2026\/04\/Unveiling-Invite-232x300.png 232w, https:\/\/twkumc.org\/wp-content\/uploads\/2026\/04\/Unveiling-Invite-791x1024.png 791w, https:\/\/twkumc.org\/wp-content\/uploads\/2026\/04\/Unveiling-Invite-768x994.png 768w, https:\/\/twkumc.org\/wp-content\/uploads\/2026\/04\/Unveiling-Invite-1187x1536.png 1187w, https:\/\/twkumc.org\/wp-content\/uploads\/2026\/04\/Unveiling-Invite-9x12.png 9w, https:\/\/twkumc.org\/wp-content\/uploads\/2026\/04\/Unveiling-Invite.png 1545w\" sizes=\"(max-width: 232px) 100vw, 232px\" \/><\/p>","protected":false},"excerpt":{"rendered":"<p>Nashville, TN: Scarritt Bennett Center (SBC) leadership, board and community will gather on April 10th at 11 am on the 18th Ave S. side of the campus to unveil the [&hellip;]<\/p>\n","protected":false},"author":6,"featured_media":0,"template":"","meta":{"_acf_changed":false,"_tribe_events_status":"","_tribe_events_status_reason":"","_tribe_events_is_hybrid":"","_tribe_events_is_virtual":"","_tribe_events_virtual_video_source":"","_tribe_events_virtual_embed_video":"","_tribe_events_virtual_linked_button_text":"","_tribe_events_virtual_linked_button":"","_tribe_events_virtual_show_embed_at":"","_tribe_events_virtual_show_embed_to":[],"_tribe_events_virtual_show_on_event":"","_tribe_events_virtual_show_on_views":"","_tribe_events_virtual_url":"","footnotes":""},"tags":[],"tribe_events_cat":[],"class_list":["post-43223","tribe_events","type-tribe_events","status-publish","hentry"],"acf":[],"yoast_head":"<!-- This site is optimized with the Yoast SEO plugin v27.1.1 - https:\/\/yoast.com\/product\/yoast-seo-wordpress\/ -->\n<title>Scarritt Bennett Centennial Marker Installation - TWKUMC<\/title>\n<meta name=\"robots\" content=\"index, follow, max-snippet:-1, max-image-preview:large, max-video-preview:-1\" \/>\n<link rel=\"canonical\" href=\"https:\/\/twkumc.org\/es\/event\/scarritt-bennett-centennial-marker-installation\/\" \/>\n<meta property=\"og:locale\" content=\"es_MX\" \/>\n<meta property=\"og:type\" content=\"article\" \/>\n<meta property=\"og:title\" content=\"Scarritt Bennett Centennial Marker Installation - TWKUMC\" \/>\n<meta property=\"og:description\" content=\"Nashville, TN: Scarritt Bennett Center (SBC) leadership, board and community will gather on April 10th at 11 am on the 18th Ave S. side of the campus to unveil the [&hellip;]\" \/>\n<meta property=\"og:url\" content=\"https:\/\/twkumc.org\/es\/event\/scarritt-bennett-centennial-marker-installation\/\" \/>\n<meta property=\"og:site_name\" content=\"TWKUMC\" \/>\n<meta property=\"article:modified_time\" content=\"2026-04-07T19:07:27+00:00\" \/>\n<meta property=\"og:image\" content=\"https:\/\/twkumc.org\/wp-content\/uploads\/2026\/04\/Unveiling-Invite-791x1024.png\" \/>\n\t<meta property=\"og:image:width\" content=\"791\" \/>\n\t<meta property=\"og:image:height\" content=\"1024\" \/>\n\t<meta property=\"og:image:type\" content=\"image\/png\" \/>\n<meta name=\"twitter:card\" content=\"summary_large_image\" \/>\n<meta name=\"twitter:label1\" content=\"Tiempo de lectura\" \/>\n\t<meta name=\"twitter:data1\" content=\"2 minutos\" \/>\n<script type=\"application\/ld+json\" class=\"yoast-schema-graph\">{\"@context\":\"https:\/\/schema.org\",\"@graph\":[{\"@type\":\"WebPage\",\"@id\":\"https:\/\/twkumc.org\/event\/scarritt-bennett-centennial-marker-installation\/\",\"url\":\"https:\/\/twkumc.org\/event\/scarritt-bennett-centennial-marker-installation\/\",\"name\":\"Scarritt Bennett Centennial Marker Installation - TWKUMC\",\"isPartOf\":{\"@id\":\"https:\/\/twkumc.org\/#website\"},\"primaryImageOfPage\":{\"@id\":\"https:\/\/twkumc.org\/event\/scarritt-bennett-centennial-marker-installation\/#primaryimage\"},\"image\":{\"@id\":\"https:\/\/twkumc.org\/event\/scarritt-bennett-centennial-marker-installation\/#primaryimage\"},\"thumbnailUrl\":\"https:\/\/twkumc.org\/wp-content\/uploads\/2026\/04\/Unveiling-Invite-232x300.png\",\"datePublished\":\"2026-04-07T19:05:23+00:00\",\"dateModified\":\"2026-04-07T19:07:27+00:00\",\"breadcrumb\":{\"@id\":\"https:\/\/twkumc.org\/event\/scarritt-bennett-centennial-marker-installation\/#breadcrumb\"},\"inLanguage\":\"es\",\"potentialAction\":[{\"@type\":\"ReadAction\",\"target\":[\"https:\/\/twkumc.org\/event\/scarritt-bennett-centennial-marker-installation\/\"]}]},{\"@type\":\"ImageObject\",\"inLanguage\":\"es\",\"@id\":\"https:\/\/twkumc.org\/event\/scarritt-bennett-centennial-marker-installation\/#primaryimage\",\"url\":\"https:\/\/twkumc.org\/wp-content\/uploads\/2026\/04\/Unveiling-Invite-232x300.png\",\"contentUrl\":\"https:\/\/twkumc.org\/wp-content\/uploads\/2026\/04\/Unveiling-Invite-232x300.png\"},{\"@type\":\"BreadcrumbList\",\"@id\":\"https:\/\/twkumc.org\/event\/scarritt-bennett-centennial-marker-installation\/#breadcrumb\",\"itemListElement\":[{\"@type\":\"ListItem\",\"position\":1,\"name\":\"Home\",\"item\":\"https:\/\/twkumc.org\/\"},{\"@type\":\"ListItem\",\"position\":2,\"name\":\"Events\",\"item\":\"https:\/\/twkumc.org\/calendar\/\"},{\"@type\":\"ListItem\",\"position\":3,\"name\":\"Scarritt Bennett Centennial Marker Installation\"}]},{\"@type\":\"WebSite\",\"@id\":\"https:\/\/twkumc.org\/#website\",\"url\":\"https:\/\/twkumc.org\/\",\"name\":\"TWKUMC\",\"description\":\"\",\"publisher\":{\"@id\":\"https:\/\/twkumc.org\/#organization\"},\"potentialAction\":[{\"@type\":\"SearchAction\",\"target\":{\"@type\":\"EntryPoint\",\"urlTemplate\":\"https:\/\/twkumc.org\/?s={search_term_string}\"},\"query-input\":{\"@type\":\"PropertyValueSpecification\",\"valueRequired\":true,\"valueName\":\"search_term_string\"}}],\"inLanguage\":\"es\"},{\"@type\":\"Organization\",\"@id\":\"https:\/\/twkumc.org\/#organization\",\"name\":\"TWKUMC\",\"url\":\"https:\/\/twkumc.org\/\",\"logo\":{\"@type\":\"ImageObject\",\"inLanguage\":\"es\",\"@id\":\"https:\/\/twkumc.org\/#\/schema\/logo\/image\/\",\"url\":\"https:\/\/twkumc.org\/wp-content\/uploads\/2025\/02\/TWK-Full_ColorBlack.webp\",\"contentUrl\":\"https:\/\/twkumc.org\/wp-content\/uploads\/2025\/02\/TWK-Full_ColorBlack.webp\",\"width\":2340,\"height\":478,\"caption\":\"TWKUMC\"},\"image\":{\"@id\":\"https:\/\/twkumc.org\/#\/schema\/logo\/image\/\"}}]}<\/script>\n<!-- \/ Yoast SEO plugin. -->","yoast_head_json":{"title":"Scarritt Bennett Centennial Marker Installation - TWKUMC","robots":{"index":"index","follow":"follow","max-snippet":"max-snippet:-1","max-image-preview":"max-image-preview:large","max-video-preview":"max-video-preview:-1"},"canonical":"https:\/\/twkumc.org\/es\/event\/scarritt-bennett-centennial-marker-installation\/","og_locale":"es_MX","og_type":"article","og_title":"Scarritt Bennett Centennial Marker Installation - TWKUMC","og_description":"Nashville, TN: Scarritt Bennett Center (SBC) leadership, board and community will gather on April 10th at 11 am on the 18th Ave S. side of the campus to unveil the [&hellip;]","og_url":"https:\/\/twkumc.org\/es\/event\/scarritt-bennett-centennial-marker-installation\/","og_site_name":"TWKUMC","article_modified_time":"2026-04-07T19:07:27+00:00","og_image":[{"width":791,"height":1024,"url":"https:\/\/twkumc.org\/wp-content\/uploads\/2026\/04\/Unveiling-Invite-791x1024.png","type":"image\/png"}],"twitter_card":"summary_large_image","twitter_misc":{"Tiempo de lectura":"2 minutos"},"schema":{"@context":"https:\/\/schema.org","@graph":[{"@type":"WebPage","@id":"https:\/\/twkumc.org\/event\/scarritt-bennett-centennial-marker-installation\/","url":"https:\/\/twkumc.org\/event\/scarritt-bennett-centennial-marker-installation\/","name":"Scarritt Bennett Centennial Marker Installation - TWKUMC","isPartOf":{"@id":"https:\/\/twkumc.org\/#website"},"primaryImageOfPage":{"@id":"https:\/\/twkumc.org\/event\/scarritt-bennett-centennial-marker-installation\/#primaryimage"},"image":{"@id":"https:\/\/twkumc.org\/event\/scarritt-bennett-centennial-marker-installation\/#primaryimage"},"thumbnailUrl":"https:\/\/twkumc.org\/wp-content\/uploads\/2026\/04\/Unveiling-Invite-232x300.png","datePublished":"2026-04-07T19:05:23+00:00","dateModified":"2026-04-07T19:07:27+00:00","breadcrumb":{"@id":"https:\/\/twkumc.org\/event\/scarritt-bennett-centennial-marker-installation\/#breadcrumb"},"inLanguage":"es","potentialAction":[{"@type":"ReadAction","target":["https:\/\/twkumc.org\/event\/scarritt-bennett-centennial-marker-installation\/"]}]},{"@type":"ImageObject","inLanguage":"es","@id":"https:\/\/twkumc.org\/event\/scarritt-bennett-centennial-marker-installation\/#primaryimage","url":"https:\/\/twkumc.org\/wp-content\/uploads\/2026\/04\/Unveiling-Invite-232x300.png","contentUrl":"https:\/\/twkumc.org\/wp-content\/uploads\/2026\/04\/Unveiling-Invite-232x300.png"},{"@type":"BreadcrumbList","@id":"https:\/\/twkumc.org\/event\/scarritt-bennett-centennial-marker-installation\/#breadcrumb","itemListElement":[{"@type":"ListItem","position":1,"name":"Home","item":"https:\/\/twkumc.org\/"},{"@type":"ListItem","position":2,"name":"Events","item":"https:\/\/twkumc.org\/calendar\/"},{"@type":"ListItem","position":3,"name":"Scarritt Bennett Centennial Marker Installation"}]},{"@type":"WebSite","@id":"https:\/\/twkumc.org\/#website","url":"https:\/\/twkumc.org\/","name":"TWKUMC","description":"","publisher":{"@id":"https:\/\/twkumc.org\/#organization"},"potentialAction":[{"@type":"SearchAction","target":{"@type":"EntryPoint","urlTemplate":"https:\/\/twkumc.org\/?s={search_term_string}"},"query-input":{"@type":"PropertyValueSpecification","valueRequired":true,"valueName":"search_term_string"}}],"inLanguage":"es"},{"@type":"Organization","@id":"https:\/\/twkumc.org\/#organization","name":"TWKUMC","url":"https:\/\/twkumc.org\/","logo":{"@type":"ImageObject","inLanguage":"es","@id":"https:\/\/twkumc.org\/#\/schema\/logo\/image\/","url":"https:\/\/twkumc.org\/wp-content\/uploads\/2025\/02\/TWK-Full_ColorBlack.webp","contentUrl":"https:\/\/twkumc.org\/wp-content\/uploads\/2025\/02\/TWK-Full_ColorBlack.webp","width":2340,"height":478,"caption":"TWKUMC"},"image":{"@id":"https:\/\/twkumc.org\/#\/schema\/logo\/image\/"}}]}},"publishpress_future_workflow_manual_trigger":{"enabledWorkflows":[]},"_links":{"self":[{"href":"https:\/\/twkumc.org\/es\/wp-json\/wp\/v2\/tribe_events\/43223","targetHints":{"allow":["GET"]}}],"collection":[{"href":"https:\/\/twkumc.org\/es\/wp-json\/wp\/v2\/tribe_events"}],"about":[{"href":"https:\/\/twkumc.org\/es\/wp-json\/wp\/v2\/types\/tribe_events"}],"author":[{"embeddable":true,"href":"https:\/\/twkumc.org\/es\/wp-json\/wp\/v2\/users\/6"}],"version-history":[{"count":4,"href":"https:\/\/twkumc.org\/es\/wp-json\/wp\/v2\/tribe_events\/43223\/revisions"}],"predecessor-version":[{"id":43229,"href":"https:\/\/twkumc.org\/es\/wp-json\/wp\/v2\/tribe_events\/43223\/revisions\/43229"}],"wp:attachment":[{"href":"https:\/\/twkumc.org\/es\/wp-json\/wp\/v2\/media?parent=43223"}],"wp:term":[{"taxonomy":"post_tag","embeddable":true,"href":"https:\/\/twkumc.org\/es\/wp-json\/wp\/v2\/tags?post=43223"},{"taxonomy":"tribe_events_cat","embeddable":true,"href":"https:\/\/twkumc.org\/es\/wp-json\/wp\/v2\/tribe_events_cat?post=43223"}],"curies":[{"name":"wp","href":"https:\/\/api.w.org\/{rel}","templated":true}]}}

Instalación del monumento conmemorativo del centenario de Scarritt Bennett

<p>Nashville, Tennessee: Los directivos, la junta directiva y la comunidad del Scarritt Bennett Center (SBC) se reunirán el 10 de abril a las 11:00 a. m. en el lado de la 18th Ave S. del campus para inaugurar el nuevo marcador histórico del centro de conferencias y retiros, otorgado por la Comisión Histórica del Área Metropolitana de Nashville y el Condado de Davidson.</p>
<p>El monumento conmemorativo del centenario repasa los cien años transcurridos desde que el Scarritt College se trasladó de Kansas City (Misuri) a Nashville (Tennessee) en 1924, y destaca la trayectoria histórica desde sus orígenes académicos hasta la labor del Scarritt Bennett Center, fundado en 1988 por las Mujeres Metodistas Unidas, ahora denominadas Mujeres Unidas en la Fe.</p>
<p>Hoy en día, Scarritt Bennett Centers continúa con un rico legado al promover la educación, el servicio y la defensa de causas para profundizar en la justicia racial, el empoderamiento de las mujeres, la formación espiritual y la educación transformadora junto a personas que sienten el llamado de formar parte de la sanación de la sociedad mientras avanzamos hacia el Reino Amado. La placa de la Comisión Histórica del Área Metropolitana de Nashville y el Condado de Davidson dice lo siguiente:</p>
<p>CELEBRACIÓN DEL CENTENARIO DE SCARRITT EN NASHVILLE 1924-2024</p>
<p>En 1892, impulsada por la visión de Belle Harris Bennett, presidenta de la Sociedad Misionera de Mujeres de la Iglesia Metodista Episcopal del Sur, se inauguró en Kansas City, Misuri, la Escuela Bíblica y de Formación Scarritt, con el objetivo de formar a mujeres para el ministerio. La escuela se trasladó a Nashville en otoño de 1924 con el nombre de Scarritt College for Christian Workers y amplió su oferta académica para impartir títulos de licenciatura y maestría mixtos. La universidad cerró en 1988 y se convirtió en el Centro Scarritt Bennett.</p>
<p>En honor a su centenario en 2024, Scarritt Bennett organizó la Conferencia sobre Liderazgo Global Transformador junto con la Universidad de África, el American Baptist College y el Instituto Kelly Miller Smith de Estudios sobre la Iglesia Negra de la Facultad de Teología de Vanderbilt. El Centro también lanzó la serie Belle Harris Bennett Speaks, en la que participó la reverenda Dra. Bernice King, hija del reverendo Dr. Martin Luther King, Jr. Ella se unió a la serie 67 años después de que su padre hablara en la Capilla Wightman de Scarritt.</p>
<p>Descubre más sobre la historia del Scarritt Bennett Center y forma parte de este evento inaugural el 10 de abril</p>
<p><img fetchpriority="high" decoding="async" class="alignnone size-medium wp-image-43224" src="https://twkumc.org/wp-content/uploads/2026/04/Unveiling-Invite-232x300.png" alt="" width="232" height="300" srcset="https://twkumc.org/wp-content/uploads/2026/04/Unveiling-Invite-232x300.png 232w, https://twkumc.org/wp-content/uploads/2026/04/Unveiling-Invite-791x1024.png 791w, https://twkumc.org/wp-content/uploads/2026/04/Unveiling-Invite-768x994.png 768w, https://twkumc.org/wp-content/uploads/2026/04/Unveiling-Invite-1187x1536.png 1187w, https://twkumc.org/wp-content/uploads/2026/04/Unveiling-Invite-9x12.png 9w, https://twkumc.org/wp-content/uploads/2026/04/Unveiling-Invite.png 1545w" sizes="(max-width: 232px) 100vw, 232px" /></p>
