{"id":43356,"date":"2026-04-08T12:13:46","date_gmt":"2026-04-08T18:13:46","guid":{"rendered":"https:\/\/twkumc.org\/?post_type=tribe_events&#038;p=43356"},"modified":"2026-04-08T12:24:11","modified_gmt":"2026-04-08T18:24:11","slug":"annual-recycle-day","status":"publish","type":"tribe_events","link":"https:\/\/twkumc.org\/es\/event\/annual-recycle-day\/","title":{"rendered":"D\u00eda anual del reciclaje"},"content":{"rendered":"<p>Creation Care Ministries celebrar\u00e1 su D\u00eda del Reciclaje anual la ma\u00f1ana del s\u00e1bado 9 de mayo en la Iglesia Metodista Unida West End. Ofreceremos un servicio de trituraci\u00f3n de papel, reciclaje de aparatos electr\u00f3nicos, recogida de art\u00edculos usados para Thrift Smart y eliminaci\u00f3n de medicamentos caducados. Debido a la capacidad limitada, el evento est\u00e1 abierto \u00fanicamente a las congregaciones participantes. Las nuevas congregaciones son bienvenidas a participar si est\u00e1n dispuestas a aportar al menos un voluntario y pueden promocionar el evento dentro de su comunidad eclesi\u00e1stica. Si est\u00e1 interesado en participar, p\u00f3ngase en contacto con daniel.joranko@twkumc.org<\/p>\n<p>&nbsp;<\/p>","protected":false},"excerpt":{"rendered":"<p>Creation Care Ministries will be hosting its annual Recycle Day on the morning of Saturday, May 9 at West End UMC. We will offer paper shredding, recycling of electronics, and [&hellip;]<\/p>\n","protected":false},"author":6,"featured_media":0,"template":"","meta":{"_acf_changed":false,"_tribe_events_status":"","_tribe_events_status_reason":"","_tribe_events_is_hybrid":"","_tribe_events_is_virtual":"","_tribe_events_virtual_video_source":"","_tribe_events_virtual_embed_video":"","_tribe_events_virtual_linked_button_text":"","_tribe_events_virtual_linked_button":"","_tribe_events_virtual_show_embed_at":"","_tribe_events_virtual_show_embed_to":[],"_tribe_events_virtual_show_on_event":"","_tribe_events_virtual_show_on_views":"","_tribe_events_virtual_url":"","footnotes":""},"tags":[],"tribe_events_cat":[],"class_list":["post-43356","tribe_events","type-tribe_events","status-publish","hentry"],"acf":[],"yoast_head":"<!-- This site is optimized with the Yoast SEO plugin v27.1.1 - https:\/\/yoast.com\/product\/yoast-seo-wordpress\/ -->\n<title>Annual Recycle Day - TWKUMC<\/title>\n<meta name=\"robots\" content=\"index, follow, max-snippet:-1, max-image-preview:large, max-video-preview:-1\" \/>\n<link rel=\"canonical\" href=\"https:\/\/twkumc.org\/es\/event\/annual-recycle-day\/\" \/>\n<meta property=\"og:locale\" content=\"es_MX\" \/>\n<meta property=\"og:type\" content=\"article\" \/>\n<meta property=\"og:title\" content=\"Annual Recycle Day - TWKUMC\" \/>\n<meta property=\"og:description\" content=\"Creation Care Ministries will be hosting its annual Recycle Day on the morning of Saturday, May 9 at West End UMC. We will offer paper shredding, recycling of electronics, and [&hellip;]\" \/>\n<meta property=\"og:url\" content=\"https:\/\/twkumc.org\/es\/event\/annual-recycle-day\/\" \/>\n<meta property=\"og:site_name\" content=\"TWKUMC\" \/>\n<meta property=\"article:modified_time\" content=\"2026-04-08T18:24:11+00:00\" \/>\n<meta name=\"twitter:card\" content=\"summary_large_image\" \/>\n<meta name=\"twitter:label1\" content=\"Tiempo de lectura\" \/>\n\t<meta name=\"twitter:data1\" content=\"1 minuto\" \/>\n<script type=\"application\/ld+json\" class=\"yoast-schema-graph\">{\"@context\":\"https:\/\/schema.org\",\"@graph\":[{\"@type\":\"WebPage\",\"@id\":\"https:\/\/twkumc.org\/event\/annual-recycle-day\/\",\"url\":\"https:\/\/twkumc.org\/event\/annual-recycle-day\/\",\"name\":\"Annual Recycle Day - TWKUMC\",\"isPartOf\":{\"@id\":\"https:\/\/twkumc.org\/#website\"},\"datePublished\":\"2026-04-08T18:13:46+00:00\",\"dateModified\":\"2026-04-08T18:24:11+00:00\",\"breadcrumb\":{\"@id\":\"https:\/\/twkumc.org\/event\/annual-recycle-day\/#breadcrumb\"},\"inLanguage\":\"es\",\"potentialAction\":[{\"@type\":\"ReadAction\",\"target\":[\"https:\/\/twkumc.org\/event\/annual-recycle-day\/\"]}]},{\"@type\":\"BreadcrumbList\",\"@id\":\"https:\/\/twkumc.org\/event\/annual-recycle-day\/#breadcrumb\",\"itemListElement\":[{\"@type\":\"ListItem\",\"position\":1,\"name\":\"Home\",\"item\":\"https:\/\/twkumc.org\/\"},{\"@type\":\"ListItem\",\"position\":2,\"name\":\"Events\",\"item\":\"https:\/\/twkumc.org\/calendar\/\"},{\"@type\":\"ListItem\",\"position\":3,\"name\":\"Annual Recycle Day\"}]},{\"@type\":\"WebSite\",\"@id\":\"https:\/\/twkumc.org\/#website\",\"url\":\"https:\/\/twkumc.org\/\",\"name\":\"TWKUMC\",\"description\":\"\",\"publisher\":{\"@id\":\"https:\/\/twkumc.org\/#organization\"},\"potentialAction\":[{\"@type\":\"SearchAction\",\"target\":{\"@type\":\"EntryPoint\",\"urlTemplate\":\"https:\/\/twkumc.org\/?s={search_term_string}\"},\"query-input\":{\"@type\":\"PropertyValueSpecification\",\"valueRequired\":true,\"valueName\":\"search_term_string\"}}],\"inLanguage\":\"es\"},{\"@type\":\"Organization\",\"@id\":\"https:\/\/twkumc.org\/#organization\",\"name\":\"TWKUMC\",\"url\":\"https:\/\/twkumc.org\/\",\"logo\":{\"@type\":\"ImageObject\",\"inLanguage\":\"es\",\"@id\":\"https:\/\/twkumc.org\/#\/schema\/logo\/image\/\",\"url\":\"https:\/\/twkumc.org\/wp-content\/uploads\/2025\/02\/TWK-Full_ColorBlack.webp\",\"contentUrl\":\"https:\/\/twkumc.org\/wp-content\/uploads\/2025\/02\/TWK-Full_ColorBlack.webp\",\"width\":2340,\"height\":478,\"caption\":\"TWKUMC\"},\"image\":{\"@id\":\"https:\/\/twkumc.org\/#\/schema\/logo\/image\/\"}}]}<\/script>\n<!-- \/ Yoast SEO plugin. -->","yoast_head_json":{"title":"Annual Recycle Day - TWKUMC","robots":{"index":"index","follow":"follow","max-snippet":"max-snippet:-1","max-image-preview":"max-image-preview:large","max-video-preview":"max-video-preview:-1"},"canonical":"https:\/\/twkumc.org\/es\/event\/annual-recycle-day\/","og_locale":"es_MX","og_type":"article","og_title":"Annual Recycle Day - TWKUMC","og_description":"Creation Care Ministries will be hosting its annual Recycle Day on the morning of Saturday, May 9 at West End UMC. We will offer paper shredding, recycling of electronics, and [&hellip;]","og_url":"https:\/\/twkumc.org\/es\/event\/annual-recycle-day\/","og_site_name":"TWKUMC","article_modified_time":"2026-04-08T18:24:11+00:00","twitter_card":"summary_large_image","twitter_misc":{"Tiempo de lectura":"1 minuto"},"schema":{"@context":"https:\/\/schema.org","@graph":[{"@type":"WebPage","@id":"https:\/\/twkumc.org\/event\/annual-recycle-day\/","url":"https:\/\/twkumc.org\/event\/annual-recycle-day\/","name":"Annual Recycle Day - TWKUMC","isPartOf":{"@id":"https:\/\/twkumc.org\/#website"},"datePublished":"2026-04-08T18:13:46+00:00","dateModified":"2026-04-08T18:24:11+00:00","breadcrumb":{"@id":"https:\/\/twkumc.org\/event\/annual-recycle-day\/#breadcrumb"},"inLanguage":"es","potentialAction":[{"@type":"ReadAction","target":["https:\/\/twkumc.org\/event\/annual-recycle-day\/"]}]},{"@type":"BreadcrumbList","@id":"https:\/\/twkumc.org\/event\/annual-recycle-day\/#breadcrumb","itemListElement":[{"@type":"ListItem","position":1,"name":"Home","item":"https:\/\/twkumc.org\/"},{"@type":"ListItem","position":2,"name":"Events","item":"https:\/\/twkumc.org\/calendar\/"},{"@type":"ListItem","position":3,"name":"Annual Recycle Day"}]},{"@type":"WebSite","@id":"https:\/\/twkumc.org\/#website","url":"https:\/\/twkumc.org\/","name":"TWKUMC","description":"","publisher":{"@id":"https:\/\/twkumc.org\/#organization"},"potentialAction":[{"@type":"SearchAction","target":{"@type":"EntryPoint","urlTemplate":"https:\/\/twkumc.org\/?s={search_term_string}"},"query-input":{"@type":"PropertyValueSpecification","valueRequired":true,"valueName":"search_term_string"}}],"inLanguage":"es"},{"@type":"Organization","@id":"https:\/\/twkumc.org\/#organization","name":"TWKUMC","url":"https:\/\/twkumc.org\/","logo":{"@type":"ImageObject","inLanguage":"es","@id":"https:\/\/twkumc.org\/#\/schema\/logo\/image\/","url":"https:\/\/twkumc.org\/wp-content\/uploads\/2025\/02\/TWK-Full_ColorBlack.webp","contentUrl":"https:\/\/twkumc.org\/wp-content\/uploads\/2025\/02\/TWK-Full_ColorBlack.webp","width":2340,"height":478,"caption":"TWKUMC"},"image":{"@id":"https:\/\/twkumc.org\/#\/schema\/logo\/image\/"}}]}},"publishpress_future_workflow_manual_trigger":{"enabledWorkflows":[]},"_links":{"self":[{"href":"https:\/\/twkumc.org\/es\/wp-json\/wp\/v2\/tribe_events\/43356","targetHints":{"allow":["GET"]}}],"collection":[{"href":"https:\/\/twkumc.org\/es\/wp-json\/wp\/v2\/tribe_events"}],"about":[{"href":"https:\/\/twkumc.org\/es\/wp-json\/wp\/v2\/types\/tribe_events"}],"author":[{"embeddable":true,"href":"https:\/\/twkumc.org\/es\/wp-json\/wp\/v2\/users\/6"}],"version-history":[{"count":2,"href":"https:\/\/twkumc.org\/es\/wp-json\/wp\/v2\/tribe_events\/43356\/revisions"}],"predecessor-version":[{"id":43367,"href":"https:\/\/twkumc.org\/es\/wp-json\/wp\/v2\/tribe_events\/43356\/revisions\/43367"}],"wp:attachment":[{"href":"https:\/\/twkumc.org\/es\/wp-json\/wp\/v2\/media?parent=43356"}],"wp:term":[{"taxonomy":"post_tag","embeddable":true,"href":"https:\/\/twkumc.org\/es\/wp-json\/wp\/v2\/tags?post=43356"},{"taxonomy":"tribe_events_cat","embeddable":true,"href":"https:\/\/twkumc.org\/es\/wp-json\/wp\/v2\/tribe_events_cat?post=43356"}],"curies":[{"name":"wp","href":"https:\/\/api.w.org\/{rel}","templated":true}]}}

Día anual del reciclaje

<p>Creation Care Ministries celebrará su Día del Reciclaje anual la mañana del sábado 9 de mayo en la Iglesia Metodista Unida West End. Ofreceremos un servicio de trituración de papel, reciclaje de aparatos electrónicos, recogida de artículos usados para Thrift Smart y eliminación de medicamentos caducados. Debido a la capacidad limitada, el evento está abierto únicamente a las congregaciones participantes. Las nuevas congregaciones son bienvenidas a participar si están dispuestas a aportar al menos un voluntario y pueden promocionar el evento dentro de su comunidad eclesiástica. Si está interesado en participar, póngase en contacto con daniel.joranko@twkumc.org</p>
<p>&nbsp;</p>
